[INFO] cloning repository https://github.com/daiiz/GyazoCrostini
[INFO] running `Command { std: "git" "-c" "credential.helper=" "-c" "credential.helper=/workspace/cargo-home/bin/git-credential-null" "clone" "--bare" "https://github.com/daiiz/GyazoCrostini" "/workspace/cache/git-repos/https%3A%2F%2Fgithub.com%2Fdaiiz%2FGyazoCrostini", kill_on_drop: false }`
[INFO] [stderr] Cloning into bare repository '/workspace/cache/git-repos/https%3A%2F%2Fgithub.com%2Fdaiiz%2FGyazoCrostini'...
[INFO] running `Command { std: "git" "rev-parse" "HEAD", kill_on_drop: false }`
[INFO] [stdout] d01ad93f04de5c4ab7abada9d4c5de91964cad10
[INFO] checking daiiz/GyazoCrostini against try#72f88fc4e9458f89516a0b8b0868f3718aec5b47 for pr-74989
[INFO] running `Command { std: "git" "clone" "/workspace/cache/git-repos/https%3A%2F%2Fgithub.com%2Fdaiiz%2FGyazoCrostini" "/workspace/builds/worker-9/source", kill_on_drop: false }`
[INFO] [stderr] Cloning into '/workspace/builds/worker-9/source'...
[INFO] [stderr] done.
[INFO] validating manifest of git repo https://github.com/daiiz/GyazoCrostini on toolchain 72f88fc4e9458f89516a0b8b0868f3718aec5b47
[INFO] running `Command { std: "/workspace/cargo-home/bin/cargo" "+72f88fc4e9458f89516a0b8b0868f3718aec5b47" "read-manifest" "--manifest-path" "Cargo.toml", kill_on_drop: false }`
[INFO] started tweaking git repo https://github.com/daiiz/GyazoCrostini
[INFO] finished tweaking git repo https://github.com/daiiz/GyazoCrostini
[INFO] tweaked toml for git repo https://github.com/daiiz/GyazoCrostini written to /workspace/builds/worker-9/source/Cargo.toml
[INFO] crate git repo https://github.com/daiiz/GyazoCrostini already has a lockfile, it will not be regenerated
[INFO] running `Command { std: "/workspace/cargo-home/bin/cargo" "+72f88fc4e9458f89516a0b8b0868f3718aec5b47" "fetch" "--locked" "--manifest-path" "Cargo.toml", kill_on_drop: false }`
[INFO] running `Command { std: "docker" "create" "-v" "/var/lib/crater-agent-workspace/builds/worker-9/target:/opt/rustwide/target:rw,Z" "-v" "/var/lib/crater-agent-workspace/builds/worker-9/source:/opt/rustwide/workdir:ro,Z" "-v" "/var/lib/crater-agent-workspace/cargo-home:/opt/rustwide/cargo-home:ro,Z" "-v" "/var/lib/crater-agent-workspace/rustup-home:/opt/rustwide/rustup-home:ro,Z" "-e" "SOURCE_DIR=/opt/rustwide/workdir" "-e" "CARGO_TARGET_DIR=/opt/rustwide/target" "-e" "CARGO_HOME=/opt/rustwide/cargo-home" "-e" "RUSTUP_HOME=/opt/rustwide/rustup-home" "-w" "/opt/rustwide/workdir" "-m" "1610612736" "--user" "0:0" "--network" "none" "rustops/crates-build-env@sha256:d92eaeed33fa75130ca1ee6c8a01d1ffb62bac859dfdfb3450e3e5d1c0146529" "/opt/rustwide/cargo-home/bin/cargo" "+72f88fc4e9458f89516a0b8b0868f3718aec5b47" "metadata" "--no-deps" "--format-version=1", kill_on_drop: false }`
[INFO] [stdout] 5a96734ab23c25718a7257eb650abe3e810ed747adf66002dfc02d8cde4fde06
[INFO] [stderr] WARNING: Your kernel does not support swap limit capabilities or the cgroup is not mounted. Memory limited without swap.
[INFO] running `Command { std: "docker" "start" "-a" "5a96734ab23c25718a7257eb650abe3e810ed747adf66002dfc02d8cde4fde06", kill_on_drop: false }`
[INFO] running `Command { std: "docker" "inspect" "5a96734ab23c25718a7257eb650abe3e810ed747adf66002dfc02d8cde4fde06", kill_on_drop: false }`
[INFO] running `Command { std: "docker" "rm" "-f" "5a96734ab23c25718a7257eb650abe3e810ed747adf66002dfc02d8cde4fde06", kill_on_drop: false }`
[INFO] [stdout] 5a96734ab23c25718a7257eb650abe3e810ed747adf66002dfc02d8cde4fde06
[INFO] running `Command { std: "docker" "create" "-v" "/var/lib/crater-agent-workspace/builds/worker-9/target:/opt/rustwide/target:rw,Z" "-v" "/var/lib/crater-agent-workspace/builds/worker-9/source:/opt/rustwide/workdir:ro,Z" "-v" "/var/lib/crater-agent-workspace/cargo-home:/opt/rustwide/cargo-home:ro,Z" "-v" "/var/lib/crater-agent-workspace/rustup-home:/opt/rustwide/rustup-home:ro,Z" "-e" "SOURCE_DIR=/opt/rustwide/workdir" "-e" "CARGO_TARGET_DIR=/opt/rustwide/target" "-e" "CARGO_INCREMENTAL=0" "-e" "RUST_BACKTRACE=full" "-e" "RUSTFLAGS=--cap-lints=forbid" "-e" "CARGO_HOME=/opt/rustwide/cargo-home" "-e" "RUSTUP_HOME=/opt/rustwide/rustup-home" "-w" "/opt/rustwide/workdir" "-m" "1610612736" "--user" "0:0" "--network" "none" "rustops/crates-build-env@sha256:d92eaeed33fa75130ca1ee6c8a01d1ffb62bac859dfdfb3450e3e5d1c0146529" "/opt/rustwide/cargo-home/bin/cargo" "+72f88fc4e9458f89516a0b8b0868f3718aec5b47" "check" "--frozen" "--all" "--all-targets" "--message-format=json", kill_on_drop: false }`
[INFO] [stdout] 1ba8b59d6df97308f4fc61149ba205275cd01cf16b11d438dbd9c2836bcc47ee
[INFO] [stderr] WARNING: Your kernel does not support swap limit capabilities or the cgroup is not mounted. Memory limited without swap.
[INFO] running `Command { std: "docker" "start" "-a" "1ba8b59d6df97308f4fc61149ba205275cd01cf16b11d438dbd9c2836bcc47ee", kill_on_drop: false }`
[INFO] [stderr]    Compiling libc v0.2.50
[INFO] [stderr]    Compiling autocfg v0.1.2
[INFO] [stderr]    Compiling version_check v0.1.5
[INFO] [stderr]     Checking futures v0.1.25
[INFO] [stderr]    Compiling byteorder v1.3.1
[INFO] [stderr]     Checking slab v0.4.2
[INFO] [stderr]     Checking fnv v1.0.6
[INFO] [stderr]     Checking lazycell v1.2.1
[INFO] [stderr]    Compiling arrayvec v0.4.10
[INFO] [stderr]    Compiling pkg-config v0.3.14
[INFO] [stderr]     Checking memoffset v0.2.1
[INFO] [stderr]     Checking bitflags v1.0.4
[INFO] [stderr]     Checking matches v0.1.8
[INFO] [stderr]    Compiling proc-macro2 v0.4.27
[INFO] [stderr]    Compiling openssl v0.10.19
[INFO] [stderr]    Compiling httparse v1.3.3
[INFO] [stderr]     Checking foreign-types-shared v0.1.1
[INFO] [stderr]    Compiling serde v1.0.89
[INFO] [stderr]     Checking string v0.1.3
[INFO] [stderr]    Compiling native-tls v0.2.2
[INFO] [stderr]    Compiling crc32fast v1.2.0
[INFO] [stderr]    Compiling unicode-xid v0.1.0
[INFO] [stderr]     Checking try-lock v0.2.2
[INFO] [stderr]     Checking openssl-probe v0.1.2
[INFO] [stderr]    Compiling syn v0.15.29
[INFO] [stderr]     Checking percent-encoding v1.0.1
[INFO] [stderr]     Checking same-file v1.0.4
[INFO] [stderr]     Checking open v1.2.2
[INFO] [stderr]     Checking rand_jitter v0.1.3
[INFO] [stderr]     Checking unicode-bidi v0.3.4
[INFO] [stderr]     Checking foreign-types v0.3.2
[INFO] [stderr]     Checking walkdir v2.2.7
[INFO] [stderr]     Checking encoding_rs v0.8.17
[INFO] [stderr]    Compiling parking_lot_core v0.4.0
[INFO] [stderr]    Compiling rand_chacha v0.1.1
[INFO] [stderr]    Compiling rand_pcg v0.1.2
[INFO] [stderr]    Compiling rand v0.6.5
[INFO] [stderr]    Compiling unicase v1.4.2
[INFO] [stderr]    Compiling unicase v2.3.0
[INFO] [stderr]     Checking idna v0.1.5
[INFO] [stderr]     Checking crossbeam-epoch v0.7.1
[INFO] [stderr]    Compiling openssl-sys v0.9.42
[INFO] [stderr]     Checking libflate v0.1.21
[INFO] [stderr]     Checking base64 v0.10.1
[INFO] [stderr]     Checking iovec v0.1.2
[INFO] [stderr]     Checking rand_os v0.1.3
[INFO] [stderr]     Checking net2 v0.2.33
[INFO] [stderr]     Checking num_cpus v1.10.0
[INFO] [stderr]     Checking time v0.1.42
[INFO] [stderr]     Checking inotify-sys v0.1.3
[INFO] [stderr]     Checking filetime v0.2.4
[INFO] [stderr]     Checking phf_shared v0.7.24
[INFO] [stderr]     Checking tokio-executor v0.1.6
[INFO] [stderr]     Checking tokio-sync v0.1.4
[INFO] [stderr]     Checking want v0.0.6
[INFO] [stderr]     Checking bytes v0.4.12
[INFO] [stderr]     Checking crossbeam-deque v0.7.1
[INFO] [stderr]     Checking futures-cpupool v0.1.8
[INFO] [stderr]    Compiling quote v0.6.11
[INFO] [stderr]     Checking mime v0.3.13
[INFO] [stderr]     Checking inotify v0.6.1
[INFO] [stderr]     Checking phf v0.7.24
[INFO] [stderr]     Checking tokio-timer v0.2.10
[INFO] [stderr]     Checking tokio-current-thread v0.1.5
[INFO] [stderr]     Checking mio v0.6.16
[INFO] [stderr]     Checking url v1.7.2
[INFO] [stderr]     Checking tokio-io v0.1.12
[INFO] [stderr]     Checking http v0.1.16
[INFO] [stderr]     Checking mio-extras v2.0.5
[INFO] [stderr]     Checking tokio-threadpool v0.1.12
[INFO] [stderr]     Checking uuid v0.7.2
[INFO] [stderr]     Checking notify v4.0.10
[INFO] [stderr]     Checking parking_lot v0.7.1
[INFO] [stderr]    Compiling phf_generator v0.7.24
[INFO] [stderr]    Compiling phf_codegen v0.7.24
[INFO] [stderr]     Checking tokio-reactor v0.1.9
[INFO] [stderr]    Compiling mime_guess v2.0.0-alpha.6
[INFO] [stderr]     Checking tokio-tcp v0.1.3
[INFO] [stderr]     Checking tokio v0.1.17
[INFO] [stderr]     Checking h2 v0.1.17
[INFO] [stderr]    Compiling serde_derive v1.0.89
[INFO] [stderr]     Checking serde_urlencoded v0.5.4
[INFO] [stderr]     Checking serde_json v1.0.39
[INFO] [stderr]     Checking hyper v0.12.25
[INFO] [stderr]     Checking hyper-tls v0.3.1
[INFO] [stderr]     Checking reqwest v0.9.11
[INFO] [stderr]     Checking gyazo_slate v0.1.0 (/opt/rustwide/workdir)
[INFO] [stdout] error[E0583]: file not found for module `key`
[INFO] [stdout]  --> src/main.rs:8:1
[INFO] [stdout]   |
[INFO] [stdout] 8 | mod key;
[INFO] [stdout]   | ^^^^^^^^
[INFO] [stdout]   |
[INFO] [stdout]   = help: to create the module `key`, create file "src/key.rs"
[INFO] [stdout] 
[INFO] [stdout] 
[INFO] [stdout] error[E0583]: file not found for module `key`
[INFO] [stdout]  --> src/main.rs:8:1
[INFO] [stdout]   |
[INFO] [stdout] 8 | mod key;
[INFO] [stdout]   | ^^^^^^^^
[INFO] [stdout]   |
[INFO] [stdout]   = help: to create the module `key`, create file "src/key.rs"
[INFO] [stdout] 
[INFO] [stdout] 
[INFO] [stdout] error[E0425]: cannot find value `SCREENSHOT_DIR` in this scope
[INFO] [stdout]   --> src/main.rs:19:19
[INFO] [stdout]    |
[INFO] [stdout] 19 |     watcher.watch(SCREENSHOT_DIR, RecursiveMode::Recursive).unwrap();
[INFO] [stdout]    |                   ^^^^^^^^^^^^^^ not found in this scope
[INFO] [stdout] 
[INFO] [stdout] 
[INFO] [stdout] error[E0425]: cannot find value `GYAZO_ACCESS_TOKEN` in this scope
[INFO] [stdout]   --> src/main.rs:57:31
[INFO] [stdout]    |
[INFO] [stdout] 57 |         .text("access_token", GYAZO_ACCESS_TOKEN)
[INFO] [stdout]    |                               ^^^^^^^^^^^^^^^^^^ not found in this scope
[INFO] [stdout] 
[INFO] [stdout] 
[INFO] [stdout] error[E0425]: cannot find value `SCREENSHOT_DESC` in this scope
[INFO] [stdout]   --> src/main.rs:58:23
[INFO] [stdout]    |
[INFO] [stdout] 58 |         .text("desc", SCREENSHOT_DESC)
[INFO] [stdout]    |                       ^^^^^^^^^^^^^^^ not found in this scope
[INFO] [stdout] 
[INFO] [stdout] 
[INFO] [stdout] warning: unused import: `key::*`
[INFO] [stdout]   --> src/main.rs:14:5
[INFO] [stdout]    |
[INFO] [stdout] 14 | use key::*;
[INFO] [stdout]    |     ^^^^^^
[INFO] [stdout]    |
[INFO] [stdout]    = note: `#[warn(unused_imports)]` on by default
[INFO] [stdout] 
[INFO] [stdout] 
[INFO] [stdout] error[E0425]: cannot find value `SCREENSHOT_DIR` in this scope
[INFO] [stdout]   --> src/main.rs:19:19
[INFO] [stdout]    |
[INFO] [stdout] 19 |     watcher.watch(SCREENSHOT_DIR, RecursiveMode::Recursive).unwrap();
[INFO] [stdout]    |                   ^^^^^^^^^^^^^^ not found in this scope
[INFO] [stdout] 
[INFO] [stdout] 
[INFO] [stdout] error[E0425]: cannot find value `GYAZO_ACCESS_TOKEN` in this scope
[INFO] [stdout]   --> src/main.rs:57:31
[INFO] [stdout]    |
[INFO] [stdout] 57 |         .text("access_token", GYAZO_ACCESS_TOKEN)
[INFO] [stdout]    |                               ^^^^^^^^^^^^^^^^^^ not found in this scope
[INFO] [stdout] 
[INFO] [stdout] 
[INFO] [stdout] error[E0425]: cannot find value `SCREENSHOT_DESC` in this scope
[INFO] [stdout]   --> src/main.rs:58:23
[INFO] [stdout]    |
[INFO] [stdout] 58 |         .text("desc", SCREENSHOT_DESC)
[INFO] [stdout]    |                       ^^^^^^^^^^^^^^^ not found in this scope
[INFO] [stdout] 
[INFO] [stdout] 
[INFO] [stdout] warning: unused import: `key::*`
[INFO] [stdout]   --> src/main.rs:14:5
[INFO] [stdout]    |
[INFO] [stdout] 14 | use key::*;
[INFO] [stdout]    |     ^^^^^^
[INFO] [stdout]    |
[INFO] [stdout]    = note: `#[warn(unused_imports)]` on by default
[INFO] [stdout] 
[INFO] [stdout] 
[INFO] [stdout] error: aborting due to 4 previous errors; 1 warning emitted
[INFO] [stdout] 
[INFO] [stdout] 
[INFO] [stdout] Some errors have detailed explanations: E0425, E0583.
[INFO] [stdout] 
[INFO] [stdout] For more information about an error, try `rustc --explain E0425`.
[INFO] [stdout] 
[INFO] [stderr] error: could not compile `gyazo_slate`.
[INFO] [stderr] 
[INFO] [stderr] To learn more, run the command again with --verbose.
[INFO] [stderr] warning: build failed, waiting for other jobs to finish...
[INFO] [stdout] error: aborting due to 4 previous errors; 1 warning emitted
[INFO] [stdout] 
[INFO] [stdout] 
[INFO] [stdout] Some errors have detailed explanations: E0425, E0583.
[INFO] [stdout] 
[INFO] [stdout] For more information about an error, try `rustc --explain E0425`.
[INFO] [stdout] 
[INFO] [stderr] error: build failed
[INFO] running `Command { std: "docker" "inspect" "1ba8b59d6df97308f4fc61149ba205275cd01cf16b11d438dbd9c2836bcc47ee", kill_on_drop: false }`
[INFO] running `Command { std: "docker" "rm" "-f" "1ba8b59d6df97308f4fc61149ba205275cd01cf16b11d438dbd9c2836bcc47ee", kill_on_drop: false }`
[INFO] [stdout] 1ba8b59d6df97308f4fc61149ba205275cd01cf16b11d438dbd9c2836bcc47ee
